s the thousands digit of 121405540?
5
What is the hundred thousands digit of 24506086?
5
What is the tens digit of 38605177?
7
What is the hundreds digit of 922409937?
9
What is the thousands digit of 12763879?
3
What is the thousands digit of 164909629?
9
What is the hundreds digit of 5200106224?
2
What is the tens digit of 372247778?
7
What is the ten thousands digit of 8062900?
6
What is the hundred millions digit of 1342581882?
3
What is the hundred millions digit of 503649771?
5
What is the ten millions digit of 4912716991?
1
What is the hundreds digit of 20164321?
3
What is the hundred millions digit of 702633283?
7
What is the hundred millions digit of 2802718366?
8
What is the thousands digit of 6341894?
1
What is the hundreds digit of 1064780921?
9
What is the ten millions digit of 99875847?
9
What is the thousands digit of 1688068517?
8
What is the ten thousands digit of 47386039?
8
What is the hundred millions digit of 478150365?
4
What is the thousands digit of 54931641?
1
What is the hundred millions digit of 218638343?
2
What is the hundred millions digit of 321943932?
3
What is the ten thousands digit of 1753327114?
2
What is the ten thousands digit of 1810052?
1
What is the ten thousands digit of 84853042?
5
What is the tens digit of 3068179582?
8
What is the thousands digit of 98616682?
6
What is the units digit of 2345579735?
5
What is the millions digit of 214068922?
4
What is the units digit of 87938552?
2
What is the units digit of 1216258300?
0
What is the ten millions digit of 83900056?
8
What is the ten thousands digit of 1623845466?
4
What is the ten millions digit of 4044306638?
4
What is the units digit of 565736743?
3
What is the hundreds digit of 113960821?
8
What is the millions digit of 57753939?
7
What is the thousands digit of 134405508?
5
What is the hundred thousands digit of 5158067659?
0
What is the tens digit of 166523806?
0
What is the hundreds digit of 148472218?
2
What is the hundred millions digit of 3393237089?
3
What is the thousands digit of 1544548416?
8
What is the billions digit of 1042220318?
1
What is the tens digit of 342529936?
3
What is the hundred millions digit of 112797046?
1
What is the hundred thousands digit of 1784855218?
8
What is the hundred thousands digit of 1645289954?
2
What is the thousands digit of 66162810?
2
What is the ten millions digit of 778109792?
7
What is the hundreds digit of 107684468?
4
What is the units digit of 132641658?
8
What is the ten thousands digit of 240920658?
2
What is the ten thousands digit of 2883623576?
2
What is the ten thousands digit of 2290601289?
0
What is the ten millions digit of 53336213?
5
What is the hundreds digit of 144623032?
0
What is the units digit of 4841133157?
7
What is the hundreds digit of 50825176?
1
What is the hundred millions digit of 348751642?
3
What is the ten thousands digit of 2321403741?
0
What is the hundred millions digit of 634957870?
6
What is the hundred millions digit of 2516737646?
5
What is the hundreds digit of 4207856431?
4
What is the millions digit of 334399115?
4
What is the hundreds digit of 44014749?
7
What is the tens digit of 29314150?
5
What is the hundreds digit of 344535697?
6
What is the ten millions digit of 5644321309?
4
What is the thousands digit of 176116737?
6
What is the ten millions digit of 1191652257?
9
What is the billions digit of 3090973253?
3
What is the thousands digit of 16893784?
3
What is the millions digit of 91924262?
1
What is the tens digit of 88876162?
6
What is the hundreds digit of 78538834?
8
What is the tens digit of 64182447?
4
What is the units digit of 83703537?
7
What is the tens digit of 1811134870?
7
What is the tens digit of 10092799?
9
What is the tens digit of 31162073?
7
What is the tens digit of 76772898?
9
What is the thousands digit of 447941607?
1
What is the tens digit of 64222107?
0
What is the units digit of 962047957?
7
What is the hundred millions digit of 230567489?
2
What is the hundreds digit of 44340854?
8
What is the hundreds digit of 624639504?
5
What is the hundred thousands digit of 37989524?
9
What is the tens digit of 1653357?
5
What is the hundreds digit of 39874399?
3
What is the thousands digit of 2989427625?
7
What is the thousands digit of 95519290?
9
What is the hundred millions digit of 308569544?
3
What is the units digit of 436025807?
7
What is the ten thousands digit of 2217562949?
6
What is the units digit of 49009330?
0
What is the tens digit of 32275918?
1
What is the tens digit of 74904645?
4
What is the tens digit of 1464932448?
4
What is the hundreds digit of 228922363?
3
What is the ten millions digit of 52730335?
5
What is the hundred millions digit of 234668278?
2
What is the thousands digit of 69275803?
5
What is the thousands digit of 3943891965?
1
What is the millions digit of 353010194?
3
What is the thousands digit of 85320215?
0
What is the ten millions digit of 8028338944?
2
What is the hundreds digit of 158418773?
7
What is the tens digit of 1809220226?
2
What is the hundred thousands digit of 108848738?
8
What is the thousands digit of 691574024?
4
What is the thousands digit of 63060251?
0
What is the tens digit of 2105115682?
8
What is the millions digit of 1127179634?
7
What is the ten millions digit of 867814615?
6
What is the units digit of 88595909?
9
What is the ten millions digit of 26110616?
2
What is the millions digit of 16898285?
6
What is the units digit of 30786697?
7
What is the hundreds digit of 59866149?
1
What is the hundred millions digit of 192666884?
1
What is the hundreds digit of 15500183?
1
What is the hundreds digit of 165507103?
1
What is the millions digit of 2599034207?
9
What is the tens digit of 2131643092?
9
What is the tens digit of 35691079?
7
What is the tens digit of 1464731428?
2
What is the hundred thousands digit of 22934551?
9
What is the hundred thousands digit of 14908974?
9
What is the thousands digit of 326894631?
4
What is the units digit of 195759289?
9
What is the hundreds digit of 6700651?
6
What is the ten thousands digit of 43924495?
2
What is the thousands digit of 1214226121?
6
What is the ten millions digit of 54445374?
5
What is the hundred thousands digit of 21920446?
9
What is the thousands digit of 42986555?
6
What is the thousands digit of 2766591978?
1
What is the tens digit of 24736126?
2
What is the thousands digit of 23448927?
8
What is the hundred thousands digit of 3738147289?
1
What is the hundreds digit of 416445563?
5
What is the hundred thousands digit of 305092183?
0
What is the hundred thousands digit of 1537818355?
8
What is the hundred thousands digit of 322664614?
6
What is the hundred millions digit of 887869162?
8
What is the thousands digit of 84194439?
4
What is the tens digit of 956698901?
0
What is the millions digit of 3610030954?
0
What is the ten millions digit of 1438291413?
3
What is the thousands digit of 32438755?
8
What is the hundred thousands digit of 164173095?
1
What is the units digit of 72376682?
2
What is the units digit of 102162861?
1
What is the hundred millions digit of 1999268526?
9
What is the hundred thousands digit of 1587342722?
3
What is the ten millions digit of 1672593311?
7
What is the millions digit of 7697916?
7
What is the tens digit of 623609350?
5
What is the ten millions digit of 2778539885?
7
What is the tens digit of 3603113?
1
What is the tens digit of 27827111?
1
What is the thousands digit of 41898354?
8
What is the millions digit of 36766635?
6
What is the hundred millions digit of 2880675587?
8
What is the hundreds digit of 26635056?
0
What is the ten thousands digit of 1637183996?
8
What is the millions digit of 146973066?
6
What is the ten millions digit of 2660469955?
6
What is the units digit of 761137?
7
What is the tens digit of 968549232?
3
What is the hundred thousands digit of 788348126?
3
What is the hundreds digit of 4851816?
8
What is the millions digit of 43966376?
3
What is the tens digit of 451570848?
4
What is the hundreds digit of 58754191?
1
What is the tens digit of 138484169?
6
What is the hundreds digit of 876052423?
4
What is the hundred thousands digit of 34510223?
5
What is the hundred millions digit of 7363095394?
3
What is the ten thousands digit of 3055087302?
8
What 